184 = 4*d. Suppose -a = -3*a + 8. Suppose 2*w - d = -a. List the prime factors of w.
3, 7
Suppose -4*g = -3*o + 2, -3 + 12 = 3*o + 3*g. Suppose 0 = 2*m - 6*m + o*k + 466, 3*k + 129 = m. What are the prime factors of m?
2, 3, 19
Suppose -3*c + 4*c = 4320. What are the prime factors of c/168 + 4/14?
2, 13
Suppose 15*g - 3901 = 3974. List the prime factors of g.
3, 5, 7
Let g be 2/11 - (-10224)/(-88). Let y = g + 206. Let r = -54 + y. What are the prime factors of r?
2, 3
Let x(l) = 0 + 5 + 0 - 9*l + l**2. Let p be (-40)/30 + 10/(-6) + 12. List the prime factors of x(p).
5
Suppose 0 = 114*f - 119*f + 1855. List the prime factors of f.
7, 53
Let z(c) = 6*c**3 - 8*c**2 - 11*c + 31. List the prime factors of z(6).
7, 139
Suppose -1969 = -x - 191. List the prime factors of x.
2, 7, 127
Let k(o) = -o**2 + 11*o - 4. Let s be k(10). Let v be s*(-4)/8 - -87. Let l = v + -43. What are the prime factors of l?
41
Let z = 662 + -52. What are the prime factors of z?
2, 5, 61
Suppose u + 23 = 27, -p + 3670 = -2*u. List the prime factors of p.
2, 3, 613
Suppose 35 = -9*i + 10*i. Let p(t) = t + 5. Let z be p(0). Suppose 10 = -z*s + i. List the prime factors of s.
5
Let l(u) = -19*u + 144. What are the prime factors of l(-9)?
3, 5, 7
Let o(i) = 25 + 11*i - 25*i - 21*i. What are the prime factors of o(-3)?
2, 5, 13
Suppose -v + 5*g + 13 = 0, 0 = -v - 168*g + 166*g + 20. List the prime factors of v.
2, 3
Suppose -1 = n + 6. Let p(r) = r**2 + 5*r + 6. What are the prime factors of p(n)?
2, 5
Let v(k) = -17*k + 92. List the prime factors of v(-5).
3, 59
Let f be (-4)/(-12) - 16/(-6). What are the prime factors of (f - 2)*-1*-84?
2, 3, 7
Let m(c) = -2*c + 10. Let b be m(3). Suppose 0*i = -b*i + 8. What are the prime factors of i*(129/(-6))/(-1)?
43
Let l = 427 + 120. What are the prime factors of l?
547
Let f be 3/9*3 - -3. Suppose f*x - 616 = -0*x. What are the prime factors of x?
2, 7, 11
Let p = 316 - 655. Let d = 491 + p. What are the prime factors of d?
2, 19
Suppose -i + 0*k = 4*k + 580, 4*i = -3*k - 2268. List the prime factors of i/(-30) - 1/(-5).
19
Suppose n + 2*k - 730 = 0, 494 = n - 2*k - 220. List the prime factors of n.
2, 19
Let y = 995 + -150. List the prime factors of y.
5, 13
Let q be 1596/108 + 4/18. What are the prime factors of 60/q - (1 + -19)?
2, 11
Let p be 3*(-1)/(-9)*(4 + 2). Suppose 6*x - x - 181 = -4*t, -p*t = -4*x - 110. List the prime factors of t.
7
Let w be (-2)/6 - (-244)/12. Let x = w - 4. Suppose 5*i + 51 - x = 4*o, 2*i = -o + 25. What are the prime factors of o?
3, 5
Let q(p) = p**3 - 36*p**2 - 40*p - 101. What are the prime factors of q(38)?
7, 181
Suppose 0 = 2*f + 2*g + 172, -4*g = -5*f - 0*g - 466. Let c = 349 + f. List the prime factors of c.
7, 37
Suppose v + 11654 = 5*c + 3*v, 4679 = 2*c - 5*v. What are the prime factors of c?
2, 11, 53
Suppose -5*b = -95 - 75. What are the prime factors of (153/b)/((-3)/(-200))?
2, 3, 5
Let y be 7 + (9/(-3) - 1). Let i(a) be the third derivative of a**6/120 - a**5/30 + a**4/8 - a**3/2 - a**2. List the prime factors of i(y).
3, 5
Let p(z) = 25*z - 7. What are the prime factors of p(6)?
11, 13
Suppose 9*w - 2*z + 3386 = 12*w, -5*w = -2*z - 5654. What are the prime factors of w?
2, 5, 113
Let i = -21 + 33. Let u be i/((-1 + -5)/(-3)). List the prime factors of (126/24)/(u/32).
2, 7
Let o be 58/12 - 3/(-18). Suppose -4*f = -3*x - 206 - 19, -x + 286 = o*f. List the prime factors of f.
3, 19
Let c(q) = -434*q + 272. What are the prime factors of c(-7)?
2, 5, 331
Suppose -2*o + 47 = 35. Suppose d - 3*y = 191, -2*d = o*y - y - 349. List the prime factors of d.
2, 7, 13
Let i(u) = -3*u + 40. Let s = -63 + 71. List the prime factors of i(s).
2
Let s(o) = o**3 + 6*o**2 + 6*o + 7. Let z be s(-5). Suppose -41 = z*u - 201. What are the prime factors of u?
2, 5
Suppose 3*r + 4*q = 2354, r - 11*q - 787 = -10*q. List the prime factors of r.
2, 3, 131
Let t(f) = -6*f + 4. Let n be (-6)/((27/14)/(-9)). Suppose 4*b - 12 = -n. List the prime factors of t(b).
2, 7
Suppose -2*s + g + 64 = 0, -2*g - 37 = -s - 8. Let y = s - 26. Let d(x) = x**2 - 7*x + 5. What are the prime factors of d(y)?
5
Suppose 2*o - 4 = 4*s + 4, 3*o - 5*s = 11. Let i = -37 + 64. Suppose 0 = 5*f - o*f - i. What are the prime factors of f?
3
What are the prime factors of 3*((-21418)/(-66) - (-4)/(-22))?
7, 139
Suppose -3*x = 6, 5*d + 6*x = 4*x + 16. Let j be ((-50)/d)/(9/(-18)). Suppose 2*r - 16 = 2*w, -3*r + 5*w = -r - j. List the prime factors of r.
5
Let f(g) be the first derivative of -47*g**2/2 + 3*g + 17. List the prime factors of f(-3).
2, 3
Suppose 2446 + 3259 = 5*i. What are the prime factors of i?
7, 163
Let h(r) = -2*r + 2. Let y be h(2). Suppose -4*s + 8*s = 80. Let t = y + s. List the prime factors of t.
2, 3
Let l be 0/2 + -3*2. Let k = l - -9. Suppose -5*b - q + 155 = -4*q, 2*b - 41 = -k*q. What are the prime factors of b?
2, 7
Let y(g) = g + 10. Let s be y(-7). Suppose 0 = 2*j - s*j. Suppose -4*f = -j*f - 72. What are the prime factors of f?
2, 3
Let v be -10*(-3)/2*(-83)/(-3). Suppose p + 0*b = -3*b + 99, b = 5*p - v. What are the prime factors of p?
2, 3, 7
What are the prime factors of (2 - -1)/((-210)/(-15050))?
5, 43
Suppose 4*w + 8 - 37 = -5*p, 0 = -2*w + 4*p - 18. Suppose 0 = -4*h + w + 7. Suppose -h*s - 3*s = -205. List the prime factors of s.
41
List the prime factors of 4380/4 - 1/1.
2, 547
Let h be ((-3)/1 + 0)*-1. Suppose -h = 2*g - 3*g. Suppose -4*i + 49 = 5*r, 16 = g*i - r - 16. List the prime factors of i.
11
Let t be (-22)/26 - -2 - (-50)/(-325). Let y(q) be the second derivative of 4*q**3 + q**2/2 - 2*q. List the prime factors of y(t).
5
List the prime factors of (8/(-6))/(6/(-8028)).
2, 223
Suppose 5*o + 4*u - 460 = 0, -68 = -o - 0*u + 4*u. Let s = -27 + o. What are the prime factors of s?
61
Let z(t) = -2*t + 135. What are the prime factors of z(19)?
97
Let d(p) = 38*p - 27. Let o(t) = -t**3 + 9*t**2 - 10*t + 25. Let g be o(8). What are the prime factors of d(g)?
3, 5, 7
Let u = -89 - -90. List the prime factors of 208 + (-1)/u - -4.
211
Let s = -65 - -585. What are the prime factors of s?
2, 5, 13
List the prime factors of 35*(103 - (-18)/9).
3, 5, 7
Let u be (4/(-10))/((-9)/(-45)). Let n(l) = -15*l - 5. Let j be n(u). Suppose 2*g + 121 = 4*k + 5*g, j = -5*g. What are the prime factors of k?
2, 17
Let t(r) = r**3 - 1. Let u(j) = 5*j**3 + 19*j**2 - 10*j + 17. Let v(y) = 6*t(y) - u(y). Let z be v(19). Let f = -107 + z. List the prime factors of f.
2, 3, 5
Let d(w) = -77*w**3 + 3*w**2 - 2*w - 9. List the prime factors of d(-2).
7, 89
Let x(i) = i**3 + 13*i**2 - 13*i + 18. Let c be x(-14). Suppose -a + 6*a + s - 108 = 0, 4*a - 96 = -c*s. List the prime factors of a.
3, 7
Let g(k) be the first derivative of k**2 + 2*k - 1. Let u be g(-3). What are the prime factors of (u/(-12))/((-3)/(-747))?
83
Let j(w) be the third derivative of w**7/5040 + 23*w**6/720 + w**5/12 + 4*w**2. Let p(u) be the third derivative of j(u). List the prime factors of p(-10).
13
Let d(v) = 8*v + 3223. List the prime factors of d(0).
11, 293
Suppose -5 = 6*c + 79. Suppose 3*v - 52 = -b, 6*b = 4*b - 5*v + 103. Let o = b + c. List the prime factors of o.
5, 7
Let n = 126 + -85. Let z = -31 + n. Suppose -f + 5 = -2*w + z, -4*f + 5*w - 5 = 0. What are the prime factors of f?
5
Let z = -16 + 22. Suppose r + 58 = 3*w, 2*w - z*w + 4*r = -88. List the prime factors of w.
2, 3
Let d be 10/2*(0 + 1). Suppose 8*j + 54 = 558. Suppose d*n + 3*q = 12 + j, 26 = 3*n - 2*q. List the prime factors of n.
2, 3
Let c = 993 - -417. What are the prime factors of c?
2, 3, 5, 47
Suppose 4*i - 2*k = 898, 0 = -2*i + 3*i + k - 226. List the prime factors of i.
3, 5
Let b be 18/(-4) + (-2)/4. Let d = -6 - b. List the prime factors of -1 + 18 + d/(-1).
2, 3
Let z(v) be the third derivative of v**5/60 + v**4/24 + v**3/6 - 20*v**2. Let c be 2/(1 + (2 - 2)). What are the prime factors of z(c)?
7
Suppose -52 = -4*u + 64. Let x = u + 18. List the prime factors of x.
47
Let z(y) = y**3 - y**2 - 10*y - 1. What are the prime factors of z(8)?
367
Let w(d) = -3*d - 7. Let l be w(-4). Suppose l*r = 6*r - 58. List the prime factors of r.
2, 29
Suppose -4*a + 3002 = -1050. What are the prime factors of a?
1013
Suppose 2*d - 1301 = -5*a + 2649, -5*d = -2*a + 1580. List the prime f